 -3*d + 0*d - 5*r + v = 0, -236 = -2*d - 4*r. Let y = -72 + d. What are the prime factors of y?
2, 3
Suppose 2*o - p = 170, 4*p + 20 - 4 = 0. Let k = o - -77. List the prime factors of k.
2, 5
Suppose 4*c - 25 = -5*n, -6*c + c - 3*n + 28 = 0. Suppose -5*g + 325 = c*w, 5*g = 2*w + 101 + 217. List the prime factors of g.
2
Let r = 4 - 0. Suppose 4*o - 876 = 4*b, -6*b + 4*b - 884 = -r*o. What are the prime factors of o?
223
Let c = 38 + -44. Let i = 6 + -8. What are the prime factors of i*3/c - -45?
2, 23
Let k = -3766 - -7504. What are the prime factors of k?
2, 3, 7, 89
Suppose -1015*g + 2980 = -1013*g. What are the prime factors of g?
2, 5, 149
Let w(x) = x**2 + 6*x + 4. Let y be w(-2). Let d = -2 - y. Suppose 2*c = -d*j + 8, -5*j = c - 3 - 1. List the prime factors of c.
2
Let r(f) = f**2 + 9*f - 9. Let j be r(-8). Let k(t) = 22*t - 1. Let s be k(2). Let o = s + j. What are the prime factors of o?
2, 13
Let i(h) = 17*h - 3. Let q(v) = v**2 - v. Let g(d) = -i(d) - 3*q(d). Let n be g(-7). Let j = -4 - n. What are the prime factors of j?
2, 3, 7
Let z(n) = 3*n + 9. Let a be z(3). Let y = a - -16. What are the prime factors of y?
2, 17
Suppose -5*g = 3*v + 226, 3*v - 2*v - 2*g + 68 = 0. Let a = v - -176. What are the prime factors of a?
2, 13
Let j be (-1)/(-2) - 50/(-20). Suppose -4*d = -t - j*d - 31, 5*t = -d - 167. Let n = t - -51. What are the prime factors of n?
2, 3
Suppose 0*f = -6*f + 18. Let p be -7 + f - (-211 + 0). Suppose 3*l + 21 - p = -5*o, 4*l = 2*o - 64. What are the prime factors of o?
2, 3
Let a(v) = -9*v**3 + 8*v**2 + 15*v**3 + 4 - 13*v**2 - 3*v + 0*v**2 - 8*v**3. Let y be 0 - (2/(-2) + 4). List the prime factors of a(y).
2, 11
Suppose 1348*o = 1325*o + 59478. List the prime factors of o.
2, 3, 431
Let n(a) be the third derivative of a**6/120 - a**4/24 + 17*a**3/6 - a**2 - 26. Suppose -2*y = -y. What are the prime factors of n(y)?
17
Suppose -13 = -9*r + 32. Suppose -4*j - 932 = -r*z, -j - 4*j + 10 = 0. What are the prime factors of z?
2, 47
Let m(p) = p**2 + 13*p + 163. List the prime factors of m(-70).
4153
Suppose -r + 3*v + v - 19 = 0, 0 = 5*r + 3*v - 20. Suppose 0 = -u - u + 4*o - 10, 1 = 4*u - o. What are the prime factors of r/u*(1 + 3)?
2
List the prime factors of (3 - -610 - 3) + -1 + 4.
613
Let m(f) = 13*f**2 - 29*f + 19. Let r(b) = -32*b**2 + 72*b - 48. Let k(q) = -12*m(q) - 5*r(q). Let g be k(9). Suppose -3*y = y - g. List the prime factors of y.
3, 19
Suppose -12684 = 37*w - 156688. What are the prime factors of w?
2, 7, 139
Suppose -10*y = -9*y - 785. List the prime factors of y.
5, 157
Suppose 3*g - 2384 = -866. What are the prime factors of g?
2, 11, 23
Let z(u) = 2*u**2 + 4*u - 1. Let v = -34 - -31. List the prime factors of z(v).
5
Suppose 2*j - 1 = -3*q - 3, 14 = 5*j - 2*q. Suppose -z + 82 = -j*p, 0 = 4*z + p - 113 - 224. List the prime factors of z.
2, 3, 7
Let t be (22/33)/((-2)/(-1956)). Suppose 5*u = t + 53. List the prime factors of u.
3, 47
Suppose -15*w + 35610 = 2100. List the prime factors of w.
2, 1117
Let k be (-7 - (0 - 3)) + 3. Let h be (-4 + 1)*1/k. Let w = 14 - h. What are the prime factors of w?
11
Let r = 14 - 8. Let n be r + -3 + (-1 - -68). Suppose -5*l = -3*l - n. List the prime factors of l.
5, 7
Let i(w) be the first derivative of -w**5/20 + 7*w**4/12 - w**3/3 + w**2/2 + 3*w - 5. Let u(z) be the first derivative of i(z). List the prime factors of u(6).
5
Let p = -23 - -29. Let b(z) = -z**2 + 16*z - 11. What are the prime factors of b(p)?
7
Suppose 3*h = 4*h. Suppose 63 = 3*y - h. Suppose -5*b + 6*b = 2*i - 45, i = -b + y. List the prime factors of i.
2, 11
Let o = 93 + -132. Let f = o - -78. Let n = f - 15. What are the prime factors of n?
2, 3
Let l = -41 + 43. Suppose 0 = l*h - 21 - 141. What are the prime factors of h?
3
Let w(a) = 4*a**2 - a - 14. What are the prime factors of w(-4)?
2, 3
Suppose -11 - 44 = -5*i. Suppose l + 0*l - i = 0. What are the prime factors of l?
11
Suppose 0 = -22*w + 4393 + 9863. What are the prime factors of w?
2, 3
Suppose 14*h + 224 = 10*h. Let f = h + 106. List the prime factors of f.
2, 5
List the prime factors of (1875/(-5))/5*150/(-18).
5
List the prime factors of (-29849)/(-38) + (10/(-4) - -2).
5, 157
Let f(t) be the second derivative of t**4/12 + t**3/2 + 5*t**2/2 - t. Suppose 2*y + 18 = -y. List the prime factors of f(y).
23
Let z = 100 - 71. Suppose -z = -5*a + 2*c + 10, 2*a - 2*c - 18 = 0. Let i = -3 + a. What are the prime factors of i?
2
Let n = -102 - -54. What are the prime factors of 0/4 - (2 + n)?
2, 23
Suppose -5*j + 1613 = -5232. List the prime factors of j.
37
Let r = 19 - 16. Suppose 0 = r*l + 3 + 6. List the prime factors of 1*(3 - 2*l).
3
Suppose -7*i + 45 = -2*i. Let c be (i/6)/(2/(-4)). What are the prime factors of (-2)/c + 456/18?
2, 13
Suppose 0 = 2*s - 6311 + 1537. What are the prime factors of s?
7, 11, 31
Let g = -224 + 379. Suppose -4*u + 21 = -g. What are the prime factors of u?
2, 11
Let y = 67 + -61. Suppose 2*g - y*g + 464 = 0. What are the prime factors of g?
2, 29
Suppose 0 = 2*p, -2*p = -2*c - 3*c + 10. Suppose 0 = -c*h + 5*h - 654. List the prime factors of h.
2, 109
List the prime factors of 12/(-3)*(998/(-4) + -3).
2, 5, 101
Let m be 380/7 + 3 + 46/(-14). Let p be (-2)/(-3) - (-1)/3. Let v = m - p. What are the prime factors of v?
53
Suppose 5*u - 106 - 164 = 0. Suppose -49*n - 700 = -u*n. What are the prime factors of n?
2, 5, 7
Let n = 275 - 2. What are the prime factors of n?
3, 7, 13
Suppose 1298 - 32 = 3*t. What are the prime factors of t?
2, 211
Let w = -1462 + 2385. List the prime factors of w.
13, 71
Let p(w) = 2*w**3 - 7*w**2 - 7*w + 21. What are the prime factors of p(7)?
3, 5, 7
Let a = -633 + 670. List the prime factors of a.
37
Suppose -974*f + 25904 = -966*f. List the prime factors of f.
2, 1619
Suppose -5*g + 6*g = -3*x + 12613, -x - 4*g = -4219. What are the prime factors of x?
3, 467
Suppose 25*x + 9456 = 37*x. What are the prime factors of x?
2, 197
Let w(k) = -k**3 + k**2 - 1. Let p(z) = -4*z**3 + 3*z**2 - z - 226. Let x(l) = -p(l) + 5*w(l). List the prime factors of x(0).
13, 17
Let v = 496 + 752. List the prime factors of v.
2, 3, 13
Let k(q) = -35*q + 2. What are the prime factors of k(-10)?
2, 11
Let z be -3 - (-4 + (-45 - 2)). Let s = 31 + z. List the prime factors of s.
79
Let c = -7 - -6. Let q be (c - (-24)/15)*5. Suppose -q*y + 152 = y. What are the prime factors of y?
2, 19
Suppose d - 2*v = -6, 3*d - 4 + 13 = -3*v. List the prime factors of (-184)/(-30) - d/(-30).
2, 3
Suppose 0 = -4*s + 2 + 6. Suppose 0 = s*u - 4, -4*c + 169 + 191 = 4*u. What are the prime factors of c?
2, 11
Suppose -3*q = -1628 - 5110. What are the prime factors of q?
2, 1123
Let o(u) = 3*u + 32. Suppose 11*k = 6*k. What are the prime factors of o(k)?
2
Let z(a) be the third derivative of -a**6/360 - a**5/10 + a**4/4 + a**3/3 - 3*a**2. Let k(r) be the first derivative of z(r). List the prime factors of k(-10).
2, 13
Let t(x) be the third derivative of -x**4/24 - x**3/3 + 10*x**2. Let p be t(1). List the prime factors of 1*(31 - (p - -3)).
31
Let c be (-969)/(-3) + (-2 - 0). Suppose c = 10*j - 7*j. What are the prime factors of j?
107
Let d(n) = 3*n**2 + 1. Suppose -4 = -3*f - f. Let r be d(f). Let z = r + 5. List the prime factors of z.
3
Let j(y) = -3*y - 2. Let k be 1 - (-3 + -1 + 9). Let z be j(k). Suppose -7*u - 2*l = -2*u - 158, z = u - 5*l. List the prime factors of u.
2, 3, 5
Let n = 1438 + -988. Suppose -2*c - 2*t = -188, -3*t + 8*t = 5*c - n. List the prime factors of c.
2, 23
What are the prime factors of (12/(-32)*-4)/(6/260)?
5, 13
Suppose -7 = -4*i + 1. Let a(w) = w**3 - 2*w**2 + 9*w + 4. Let x be a(4). Suppose 5*y = i*y + x. What are the prime factors of y?
2, 3
Let g(u) = 6*u**3 - 6*u**2 + 14*u + 21. Let f(l) = -5*l**3 + 6*l**2 - 13*l - 20. Let y(p) = -7*f(p) - 6*g(p). List the prime factors of y(-8).
2, 43
Let q = -7569 + 13273. List the prime factors of q.
2, 23, 31
Let y(p) = p**3 + 23*p**2 + 12*p - 10. What are the prime factors of y(-18)?
2, 17, 41
Let c = 523 + -117. What are the prime factors of c?
2, 7, 29
Let r(i) be the first derivative of 75*i**4/4 - 2*i**3/3 + i - 3. List the prime factors of r(1).
2, 37
Let j be (4/(-12))/(2 - 805/402). List the prime factors of (6/(-30)*-5)/(2/j).
6